5
Let t(p) = -p**3 - 63*p**2 + 74*p + 403. Calculate t(-64).
-237
Let c(s) = s**2 - 89*s - 5. Give c(0).
-5
Let w(h) = 29*h + 1046. Determine w(-39).
-85
Let b(h) = -27*h - 486. What is b(-15)?
-81
Let d(t) = -4261*t + 25601. Determine d(6).
35
Let s(b) = b**2 + 216*b + 1860. Calculate s(-9).
-3
Let x(b) = 126*b - 30. Determine x(0).
-30
Let c(a) = a**3 + a**2 + 6*a + 30. What is c(-3)?
-6
Let b(y) = -6*y**2 - 114*y + 5. What is b(-20)?
-115
Let f(o) = -13*o**2 - 120. Calculate f(-7).
-757
Let i(v) = -v**3 + 76*v**2 + 2270*v + 706. Give i(99).
13
Let q(c) = 2*c**3 - 49*c**2 - 404*c + 118. Give q(31).
87
Let y(s) = -6*s**3 + 27*s**2 - 8*s - 35. Calculate y(4).
-19
Let v(b) = -69*b**2 + 32*b - 9. Calculate v(0).
-9
Let h(n) = -n**3 + 11*n**2 - 42*n + 86. Give h(5).
26
Let y(r) = 120*r - 97. Calculate y(2).
143
Let x(c) = -126*c - 2027. Calculate x(-16).
-11
Let x(j) = 122*j - 16. Give x(-1).
-138
Let m(l) = -l**2 - 2065*l + 118781. Calculate m(56).
5
Let a(w) = 748*w - 6567. Determine a(9).
165
Let v(z) = -65*z - 585. Calculate v(-9).
0
Let o(n) = n**2 + 107*n + 2352. Determine o(-77).
42
Let l(o) = -o**2 - 15*o + 89. Calculate l(-11).
133
Let t(n) = -17*n**2 + 154*n + 13. Calculate t(9).
22
Let s(l) = 14*l**2 - 40*l + 8. Give s(3).
14
Let y(w) = 6*w**3 - 16*w**2 - 10*w + 8. What is y(3)?
-4
Let r(n) = 3*n**2 - 132*n + 38. Calculate r(44).
38
Let d(b) = 4*b - 51. Determine d(9).
-15
Let z(v) = -200*v + 7588. Give z(38).
-12
Let y(i) = 4*i**3 - 14*i**2 + 19*i - 63. What is y(3)?
-24
Let q(x) = -x**3 - 52*x**2 + 923*x - 66. What is q(-66)?
0
Let d(i) = 2*i**2 - 39*i + 333. Give d(13).
164
Let f(n) = -7*n**2 - 76*n + 1042. What is f(8)?
-14
Let b(j) = 12*j**2 + 64*j - 296. Determine b(5).
324
Let d(u) = u**2 - 21*u - 202. What is d(27)?
-40
Let v(w) = -9*w**2 - 2*w - 4. Determine v(4).
-156
Let q(o) = -42*o - 90. What is q(-1)?
-48
Let s(c) = 147*c - 11302. Calculate s(77).
17
Let c(t) = -t**3 - 18*t**2 - 4*t - 70. Calculate c(-18).
2
Let v(n) = -5*n**2 - 5*n + 4. Determine v(-6).
-146
Let j(b) = -3*b**2 + 6*b - 15. Give j(9).
-204
Let v(x) = -138*x + 4. Calculate v(1).
-134
Let k(p) = -2*p**2 + 53*p + 21. Give k(24).
141
Let d(c) = 27*c + 4945. What is d(-186)?
-77
Let g(r) = 576*r - 47808. Calculate g(83).
0
Let j(p) = -p**3 + 1161*p + 148. Give j(-34).
-22
Let f(t) = -2*t**2 + 161*t - 999. Determine f(74).
-37
Let l(x) = x**2 - 14*x + 50. What is l(10)?
10
Let z(m) = m**3 + 5*m**2 + 35*m - 18. Calculate z(0).
-18
Let m(i) = -i**2 - 22*i + 58. Calculate m(-11).
179
Let s(l) = -11*l - 102. Determine s(-7).
-25
Let q(s) = 100*s + 718. Determine q(-10).
-282
Let i(n) = 3*n - 93. Give i(-12).
-129
Let n(z) = 126*z - 6012. Give n(45).
-342
Let m(r) = 2*r**3 - 55*r**2 + 28*r - 43. Give m(27).
-16
Let b(a) = a**3 + 21*a**2 + 23*a + 33. What is b(-20)?
-27
Let u(v) = 23*v + 1588. Calculate u(-69).
1
Let m(i) = -2*i**2 - 387*i - 2079. Give m(-188).
-11
Let d(x) = 2*x**3 - 233*x**2 + 120*x - 460. What is d(116)?
4
Let k(g) = 153*g**2 - 1680*g - 22. What is k(11)?
11
Let b(o) = -o**3 - 28*o**2 + 32*o + 85. What is b(-29)?
-2
Let y(c) = -c**3 - 4*c**2 + 63*c + 29. Calculate y(-10).
-1
Let i(s) = 3864*s + 10. Determine i(0).
10
Let w(n) = -44*n + 215. What is w(6)?
-49
Let l(s) = s**3 + 4*s**2 - 15*s + 9. Calculate l(-6).
27
Let l(t) = t**2 + 59*t - 944. Calculate l(13).
-8
Let k(f) = -11*f**2 + 8*f + 325. What is k(-5)?
10
Let w(y) = -y**2 - 313*y + 3347. What is w(10)?
117
Let t(a) = 10*a**2 + 7*a - 48. Give t(6).
354
Let p(t) = -2*t**3 - 31*t**2 + 82*t + 24. What is p(-17)?
-503
Let u(l) = -9*l**2 - 161*l + 47. What is u(-18)?
29
Let i(f) = f + 83. Determine i(10).
93
Let f(h) = 1093*h + 3282. Calculate f(-3).
3
Let o(s) = -845*s + 32951. Give o(39).
-4
Let p(j) = -30480*j - 91444. What is p(-3)?
-4
Let q(g) = g**2 - 1295*g - 10418. Determine q(-8).
6
Let n(y) = y**2 - 7*y - 5399. Determine n(77).
-9
Let u(y) = 2*y**3 + 13*y**2 - 125*y + 66. What is u(-12)?
-18
Let b(t) = t**3 - 13*t**2 + 37*t - 9. Calculate b(9).
0
Let j(s) = 2*s**3 + 3*s**2 - 149*s - 27. Calculate j(8).
-3
Let x(a) = 17*a + 878. What is x(-52)?
-6
Let k(f) = 33*f + 132. Give k(-6).
-66
Let a(y) = -66*y + 854. What is a(13)?
-4
Let l(r) = -10*r + 170. Give l(11).
60
Let w(j) = j**3 - 6*j**2 - 126*j + 784. Determine w(6).
28
Let m(c) = c**3 - 13*c**2 - 89*c + 1227. Calculate m(12).
15
Let m(r) = -r**3 + 2*r**2 + 3*r - 10. What is m(2)?
-4
Let s(h) = -839*h - 8. Give s(0).
-8
Let g(j) = -2*j**2 - 56*j - 108. Determine g(-2).
-4
Let l(z) = -152*z + 1118. Calculate l(7).
54
Let u(p) = p**3 + 50*p**2 - 103*p + 43. Calculate u(-52).
-9
Let m(b) = 21*b + 952. Determine m(-41).
91
Let w(p) = -p**2 + 4*p - 36. Determine w(0).
-36
Let g(j) = j**2 + 49*j - 5878. Give g(-105).
2
Let i(y) = y**3 - 16*y**2 + 38*y - 83. What is i(14)?
57
Let o(b) = b**3 - 27*b**2 - 198*b - 11. What is o(33)?
-11
Let c(j) = -2*j**3 + 9*j**2 + 46*j - 12. What is c(-5)?
233
Let p(j) = -1075*j - 5374. Determine p(-5).
1
Let a(p) = 6*p + 111. What is a(-6)?
75
Let j(z) = -118*z + 1536. Calculate j(13).
2
Let l(b) = -b**2 - 412*b + 2513. What is l(6)?
5
Let j(b) = 611*b - 1813. What is j(3)?
20
Let j(t) = 2*t**2 - 132*t + 823. Calculate j(6).
103
Let m(s) = 8*s**2 + 19*s - 42. Calculate m(2).
28
Let o(h) = h**3 + 42*h**2 - 36*h + 403. What is o(-43)?
102
Let v(q) = -q**3 - 59*q**2 - 695*q - 301. Give v(-43).
0
Let s(i) = -7*i + 173. Give s(27).
-16
Let p(l) = 2*l**3 - 20*l**2 - 30*l + 54. Determine p(11).
-34
Let t(k) = 2*k**3 - 153*k**2 - 3742*k - 186. Calculate t(96).
6
Let n(c) = -c**3 + 101*c**2 + 113*c - 1137. Calculate n(102).
-15
Let k(r) = r**3 - 34*r**2 + 285*r + 37. Calculate k(18).
-17
Let i(j) = -j**3 + 13*j**2 + 10*j - 50. Calculate i(14).
-106
Let s(x) = 11*x - 350. Calculate s(24).
-86
Let g(h) = 9*h**2 - 168*h + 723. Give g(12).
3
Let h(n) = -2*n**3 + 53*n**2 + 24*n - 31. Give h(27).
-112
Let q(x) = 275*x + 2171. Determine q(-8).
-29
Let r(o) = -330*o - 7260. What is r(-22)?
0
Let a(v) = v**2 - 288*v + 3041. Give a(11).
-6
Let z(k) = 2*k**2 - 44*k + 214. Determine z(17).
44
Let c(z) = z**2 - 29*z - 1417. Calculate c(55).
13
Let x(f) = 171*f - 62575. What is x(366)?
11
Let d(v) = v**3 + 18*v**2 + 35*v + 40. What is d(-16)?
-8
Let d(i) = i**2 - 96*i + 1824. Give d(26).
4
Let g(f) = 37*f + 225. Give g(-6).
3
Let s(j) = 2*j**3 + 130*j**2 + 1848*j - 25. What is s(-21)?
-25
Let w(l) = 1189*l - 4762. What is w(4)?
-6
Let k(n) = -2*n**2 + 53*n + 304. Calculate k(-7).
-165
Let j(b) = -348*b - 27866. Calculate j(-80).
-26
Let a(m) = -m**3 - 65*m**2 + 201*m - 202. Calculate a(-68).
2
Let r(a) = a**3 + 14*a**2 - 16*a - 11. Give r(-15).
4
Let p(v) = -149*v + 1092. What is p(8)?
-100
Let d(i) = -221*i + 3994. Determine d(18).
16
Let u(s) = -176*s - 185. Determine u(-1).
-9
Let v(u) = 11*u**2 - 7*u + 10. What is v(3)?
88
Let i(n) = 4*n**2 + 74*n - 2631. Determine i(18).
-3
Let f(z) = -2*z**2 - 68*z + 308. Calculate f(-38).
4
Let k(y) = -9*y + 256. Give k(25).
31
Let p(u) = -26*u - 554. Give p(-21).
-8
Let i(u) = -u**3 - 8*u**2 + 36*u + 234. Give i(-9).
-9
Let l(d) = d**3 - 13*d**2 - 7*d + 4. Determine l(13).
-87
Let m(g) = -3*g**3 - 49*g**2 + 73*g - 31. Give m(-18).
275
Let s(m) = -82*m + 145. Give s(2).
-19
Let g(k) = -k**3 - 4*k**2 + 55*k + 6. Determine g(-9).
-84
Let y(u) = -u**2 + 130*u + 680. Calculate y(135).
5
Let x(a) = -24*a**2 - 145*a - 162. Determine x(-5).
-37
Let v(o) = 109*o + 547. What is v(-5)?
2
Let z(y) = y**2 + 31*y + 284. Determine z(-15).
44
Let c(z) = -20*z - 1101. Give c(-59).
79
Let p(a) = -105*a - 386. Give p(-6).
244
Let w(x) = -82*x + 411. What is w(5)?
1
Let m(i) = -34*i - 372. What is m(-11)?
2
Let b(u) = 48*u - 653. Determine b(11).
-125
Let t(z) = 160*z - 218. Give t(3).
262
Let b(j) = -5*j**3 - 23*j**2 - 12*j - 18. What is b(-4)?
-18
Let c(q) = -2719*q - 27192. What is c(-10)?
-2
Let v(w) = 2*w**2 - 161*w + 630. Give v(4).
18
Let v(a) = -a**2 - 23*a + 253. Give v(9).
-35
Let y(s) = s**2 - 37*s + 250. What is y(13)?
-62
Let j(p) = 7930*p - 7929. Determine j(1).
1
Let s(n) = 11*n + 139. Calculate s(-34).
-235
Let a(q) = -6*q**2 + 20*q + 3. Determine a(2).
19
Let x(i) = -2*i**2 + 13*i - 12. Calculate x(7).
-19
Let p(q) = -q**3 + 6*q**2 + 42*q + 4. Determine p(10).
24
Let x(g) = 44*g**3 + 3*g